60902408?
0
What is the hundred millions digit of 4231270378?
2
What is the thousands digit of 18246652?
6
What is the hundred millions digit of 467885838?
4
What is the ten thousands digit of 4882967454?
6
What is the ten millions digit of 228281314?
2
What is the ten thousands digit of 175312435?
1
What is the hundreds digit of 4659412004?
0
What is the billions digit of 1870414606?
1
What is the ten millions digit of 81954858?
8
What is the tens digit of 70842062?
6
What is the hundred millions digit of 2886268632?
8
What is the ten thousands digit of 119531868?
3
What is the ten millions digit of 3103610687?
0
What is the ten millions digit of 106501570?
0
What is the thousands digit of 64940552?
0
What is the millions digit of 140072390?
0
What is the hundreds digit of 99491093?
0
What is the hundred thousands digit of 7391370973?
3
What is the hundreds digit of 16924291?
2
What is the ten thousands digit of 47294335?
9
What is the hundreds digit of 74958445?
4
What is the thousands digit of 133044718?
4
What is the ten millions digit of 1142992361?
4
What is the ten millions digit of 19925881?
1
What is the millions digit of 1257171750?
7
What is the millions digit of 318982137?
8
What is the millions digit of 837106244?
7
What is the units digit of 27042933?
3
What is the millions digit of 96659204?
6
What is the millions digit of 517660242?
7
What is the thousands digit of 49154985?
4
What is the units digit of 36011169?
9
What is the hundred thousands digit of 88962331?
9
What is the tens digit of 117453679?
7
What is the hundreds digit of 29288933?
9
What is the thousands digit of 356515972?
5
What is the units digit of 55611446?
6
What is the hundred thousands digit of 1510751510?
7
What is the ten millions digit of 12452800?
1
What is the tens digit of 232500509?
0
What is the units digit of 131174953?
3
What is the tens digit of 5051737945?
4
What is the millions digit of 549713158?
9
What is the ten millions digit of 1556574323?
5
What is the millions digit of 903590862?
3
What is the millions digit of 155067065?
5
What is the ten millions digit of 2219922038?
1
What is the hundred millions digit of 432025079?
4
What is the millions digit of 707556191?
7
What is the hundred millions digit of 450325914?
4
What is the hundred thousands digit of 2359799009?
7
What is the thousands digit of 201550529?
0
What is the ten thousands digit of 128243089?
4
What is the ten thousands digit of 3780857607?
5
What is the thousands digit of 91969203?
9
What is the ten thousands digit of 28208340?
0
What is the hundreds digit of 79082632?
6
What is the hundreds digit of 45402101?
1
What is the units digit of 105322345?
5
What is the units digit of 15822835?
5
What is the hundred thousands digit of 91318951?
3
What is the hundred millions digit of 566650415?
5
What is the units digit of 978499060?
0
What is the units digit of 11592981?
1
What is the ten millions digit of 187115453?
8
What is the ten thousands digit of 177262398?
6
What is the units digit of 5969790013?
3
What is the thousands digit of 406357782?
7
What is the tens digit of 6481384?
8
What is the thousands digit of 48008599?
8
What is the ten thousands digit of 9045091?
4
What is the thousands digit of 5653370485?
0
What is the tens digit of 291991975?
7
What is the hundred thousands digit of 147469301?
4
What is the millions digit of 88705364?
8
What is the hundred thousands digit of 931779662?
7
What is the ten thousands digit of 1265754230?
5
What is the tens digit of 112236236?
3
What is the millions digit of 96274018?
6
What is the hundred thousands digit of 6103761?
1
What is the ten millions digit of 381324411?
8
What is the ten thousands digit of 282622762?
2
What is the hundred thousands digit of 4739641878?
6
What is the ten millions digit of 131481213?
3
What is the millions digit of 179413491?
9
What is the ten millions digit of 5292612205?
9
What is the units digit of 643734021?
1
What is the ten millions digit of 1007661384?
0
What is the ten thousands digit of 830969427?
6
What is the thousands digit of 36309062?
9
What is the units digit of 159059263?
3
What is the hundreds digit of 628795327?
3
What is the hundreds digit of 141422642?
6
What is the ten thousands digit of 4239660545?
6
What is the hundred millions digit of 271230996?
2
What is the millions digit of 22723291?
2
What is the units digit of 16630930?
0
What is the tens digit of 6411068570?
7
What is the hundred thousands digit of 4422765564?
7
What is the hundreds digit of 62179218?
2
What is the units digit of 19419549?
9
What is the hundred thousands digit of 231774761?
7
What is the hundred millions digit of 106031582?
1
What is the units digit of 78050801?
1
What is the ten millions digit of 149230835?
4
What is the millions digit of 630694470?
0
What is the units digit of 114197580?
0
What is the hundreds digit of 705363611?
6
What is the thousands digit of 245186387?
6
What is the hundred millions digit of 325841459?
3
What is the tens digit of 2880975106?
0
What is the ten thousands digit of 4806054621?
5
What is the ten thousands digit of 262421550?
2
What is the tens digit of 3435684998?
9
What is the ten thousands digit of 3061619432?
1
What is the ten millions digit of 235508559?
3
What is the ten thousands digit of 63853760?
5
What is the millions digit of 180606710?
0
What is the millions digit of 244746635?
4
What is the millions digit of 2526115741?
6
What is the billions digit of 3197785594?
3
What is the ten thousands digit of 4025169319?
6
What is the ten thousands digit of 181639862?
3
What is the thousands digit of 12844170?
4
What is the billions digit of 3788182593?
3
What is the units digit of 42167765?
5
What is the hundred thousands digit of 267231341?
2
What is the hundred thousands digit of 11459020?
4
What is the hundred thousands digit of 5275192194?
1
What is the hundred thousands digit of 48678526?
6
What is the hundred millions digit of 479814638?
4
What is the ten thousands digit of 59693254?
9
What is the ten thousands digit of 1238287177?
8
What is the thousands digit of 529341973?
1
What is the thousands digit of 362190000?
0
What is the tens digit of 424968089?
8
What is the hundred thousands digit of 1293899559?
8
What is the thousands digit of 228017911?
7
What is the thousands digit of 57167650?
7
What is the millions digit of 835825476?
5
What is the tens digit of 1234755431?
3
What is the millions digit of 13077733?
3
What is the hundred thousands digit of 2560517106?
5
What is the thousands digit of 221580117?
0
What is the thousands digit of 63107949?
7
What is the ten thousands digit of 15224989?
2
What is the hundreds digit of 10178424?
4
What is the hundreds digit of 54109491?
4
What is the billions digit of 1998897148?
1
What is the hundred thousands digit of 224061029?
0
What is the units digit of 99082669?
9
What is the tens digit of 3154446571?
7
What is the hundred millions digit of 6698406231?
6
What is the millions digit of 406306758?
6
What is the hundred thousands digit of 80739791?
7
What is the ten millions digit of 57113706?
5
What is the tens digit of 63237443?
4
What is the thousands digit of 2077659666?
9
What is the hundreds digit of 1230201807?
8
What is the billions digit of 1132779802?
1
What is the billions digit of 1888391411?
1
What is the millions digit of 1605880667?
5
What is the billions digit of 1991711917?
1
What is the hundreds digit of 60499885?
8
What is the millions digit of 1242686751?
2
What is the millions digit of 2763386963?
3
What is the units digit of 3232332799?
9
What is the tens digit of 2858754239?
3
What is the tens digit of 663287665?
6
What is the millions digit of 243640817?
3
What is the hundred millions digit of 135067312?
1
What is the hundreds digit of 96936275?
2
What is the millions digit of 454244200?
4
What is the hundred millions digit of 1292717112?
2
What is the thousands digit of 89308904?
8
What is the hundred thousands digit of 710173038?
1
What is the ten millions digit of 1800563186?
0
What is the ten thousands digit of 26339829?
3
What is the hundred millions digit of 559221929?
5
What is the thousands digit of 105913538?
3
What is the ten millions digit of 129167990?
2
What is the tens di